 u(2).
-1293
Let k(o) = 1851*o - 66775. Determine k(36).
-139
Let p(s) = s**2 - 41*s - 427. Calculate p(-17).
559
Let t(m) = 71962*m - 935520. Determine t(13).
-14
Let l(o) = 3*o**3 - 58*o**2 + 100*o - 324. Calculate l(18).
180
Let p(y) = 23806*y - 142953. What is p(6)?
-117
Let g(k) = 2*k**3 - 560*k**2 - 563*k + 289. What is g(281)?
8
Let m(v) = 7*v**2 - 27215*v - 81646. Give m(-3).
62
Let m(q) = 46185*q + 184741. Give m(-4).
1
Let g(c) = c**3 - 1300*c**2 + 10239*c + 125325. Determine g(1292).
1
Let q(a) = 38*a**2 + 309*a + 14. Determine q(-9).
311
Let x(q) = -4*q**2 + 1341*q - 5651. What is x(331)?
-24
Let m(z) = -2*z**2 - 277*z + 4724. Determine m(-154).
-50
Let a(f) = 3*f**2 - 1042*f + 351. Determine a(347).
4
Let i(t) = -16*t**2 - 2722*t + 88. Calculate i(-170).
428
Let a(r) = 4*r**2 - 27*r - 1049. Determine a(-24).
1903
Let l(p) = 120732*p - 845123. Give l(7).
1
Let c(d) = -4*d**2 + 21*d + 1367. Determine c(-16).
7
Let o(p) = 2*p**3 + 168*p**2 + 635*p - 327. Determine o(-80).
73
Let w(j) = -238*j**2 + 1470*j - 118. What is w(6)?
134
Let d(z) = z**3 - 12*z**2 - 24987*z + 447830. Determine d(18).
8
Let o(t) = -t**3 + 68*t**2 + 1132*t - 223. Calculate o(-14).
1
Let c(j) = -8*j**2 + 858*j - 22452. Determine c(62).
-8
Let y(c) = -c**3 + 166*c**2 + 19*c - 2893. What is y(166)?
261
Let f(u) = 3*u**3 + 2*u**2 - 73*u + 5. What is f(0)?
5
Let g(y) = -4421*y**2 - 26523*y + 14. Determine g(-6).
-4
Let z(y) = y**2 + 111*y + 632. What is z(-105)?
2
Let u(f) = -2*f**3 - 229*f**2 - 1330*f - 169. Determine u(-6).
-1
Let b(q) = -370*q - 20865. What is b(-58)?
595
Let h(c) = -2*c**3 - 522*c**2 - 505*c + 3597. Calculate h(-260).
-303
Let d(v) = 53*v**2 - 71*v + 196. Calculate d(3).
460
Let s(t) = -t**3 + 73*t**2 - 397*t - 662. Calculate s(67).
-327
Let a(m) = -10*m**2 + 2710*m - 16185. Determine a(6).
-285
Let q(o) = 2*o**3 - 254*o**2 + 5*o - 33400. Calculate q(128).
8
Let w(b) = 44*b + 8407. Give w(-190).
47
Let s(d) = -61*d + 2747. Give s(42).
185
Let l(x) = 464*x**3 - 3*x**2 + 19*x - 16. Calculate l(1).
464
Let y(x) = -387*x - 23645. Calculate y(-69).
3058
Let t(n) = n**3 - 61*n**2 - 467*n - 689. What is t(68)?
-77
Let p(i) = -1944*i - 373248. What is p(-192)?
0
Let d(g) = 286*g - 2821. Determine d(10).
39
Let x(q) = 3503*q - 220719. Give x(63).
-30
Let z(f) = 2575*f - 28327. Calculate z(11).
-2
Let l(z) = z**2 - 471*z + 18073. Give l(45).
-1097
Let q(k) = 850*k**2 - 288141*k - 3057. Give q(339).
-6
Let i(n) = 2*n**3 + 2*n**2 - 296*n - 1782. What is i(-6)?
-366
Let c(l) = -73*l**2 + 1464*l + 35. Give c(16).
4771
Let d(r) = 47258*r + 1465045. What is d(-31)?
47
Let u(n) = -1199*n + 21752. What is u(23)?
-5825
Let i(b) = -1104*b + 49901. Calculate i(45).
221
Let z(f) = -2*f**3 - 969*f**2 + 9398*f + 5898. Calculate z(-494).
-30
Let l(s) = 47317*s - 3548784. Determine l(75).
-9
Let h(o) = -5*o**2 - 582*o - 4855. Give h(-106).
657
Let j(f) = 211008*f + 633022. What is j(-3)?
-2
Let b(s) = -2*s**2 + 293*s - 10724. Calculate b(77).
-21
Let h(x) = 17432*x - 122060. Give h(7).
-36
Let i(a) = 9*a**2 + 2490*a + 14850. Calculate i(-6).
234
Let p(u) = u**3 - 13*u**2 - 26*u + 309. What is p(14)?
141
Let l(r) = -13*r**2 + 395*r - 1683. Calculate l(5).
-33
Let p(l) = 108*l**2 - 11826*l - 30233. Calculate p(112).
7
Let b(w) = 168*w**2 + 4114*w - 2162. What is b(-25)?
-12
Let b(m) = -3*m**2 + 543*m - 24389. Determine b(98).
13
Let c(z) = z**3 - 38*z**2 + 193*z - 65. What is c(6)?
-59
Let n(i) = -i**3 + 84*i**2 - 407*i + 44. Give n(5).
-16
Let x(h) = -2*h**3 - 782*h**2 - 57814*h + 621. Give x(-292).
37
Let b(c) = 77718*c + 544031. Determine b(-7).
5
Let h(n) = 77*n**2 - 240*n - 37. Give h(5).
688
Let s(y) = 9313*y + 214135. Calculate s(-23).
-64
Let j(h) = -41*h**2 - 740*h - 675. Calculate j(-17).
56
Let w(m) = -9*m**2 + 300*m + 273. Determine w(19).
2724
Let i(y) = -419622*y - 9651310. Give i(-23).
-4
Let a(o) = 149426*o + 29. Determine a(0).
29
Let n(d) = 797*d - 556294. Give n(698).
12
Let v(r) = -r**3 - 18*r**2 + 74*r + 67. What is v(4)?
11
Let j(d) = -28*d**3 - 145*d**2 + 581*d + 21. What is j(4)?
-1767
Let l(y) = y**3 + 4*y**2 - 1955*y - 13623. Give l(-7).
-85
Let c(r) = 6473*r - 32526. Calculate c(5).
-161
Let z(s) = 2*s**2 - 1146*s + 91593. Calculate z(96).
9
Let n(h) = -h**2 + 36*h + 4762. What is n(-53)?
45
Let d(q) = q**2 - 1236*q - 21627. Determine d(-17).
-326
Let l(b) = -15*b**2 + 383*b + 4323. Give l(34).
5
Let j(t) = 4*t**2 - 115*t - 4508. Give j(-22).
-42
Let d(w) = -2*w**2 + 295*w + 18263. Determine d(-46).
461
Let i(f) = 87*f**3 + 5*f**2 + 24*f - 5. What is i(-1)?
-111
Let c(y) = 3*y**3 - 360*y**2 + 255*y + 12153. Give c(119).
15
Let d(q) = -76*q - 14762. Determine d(-191).
-246
Let l(t) = -13*t**2 - 122*t - 379. What is l(-4)?
-99
Let k(g) = 6435*g + 25669. Calculate k(-4).
-71
Let f(y) = -2*y**3 - 205*y**2 + 14*y - 9163. What is f(-103)?
4
Let q(w) = w**2 - 233*w + 1734. Calculate q(226).
152
Let p(t) = 69448*t + 902828. What is p(-13)?
4
Let s(y) = y**3 - 263*y**2 - 61380*y + 16150203. What is s(262)?
-1
Let x(h) = -h**2 + 3224*h + 55153. What is x(-17)?
56
Let u(h) = -3*h**2 + 150*h + 5869. Calculate u(-27).
-368
Let b(k) = -3132*k + 18671. Give b(6).
-121
Let f(q) = -199*q - 572. Give f(-1).
-373
Let d(p) = -4*p**3 - 25*p**2 + 1847*p + 11110. Calculate d(-6).
-8
Let m(b) = -b**2 - 89*b + 1599. Determine m(-29).
3339
Let s(l) = 89366*l + 89389. Give s(-1).
23
Let g(r) = -3*r**2 + 642*r - 25930. Give g(54).
-10
Let x(d) = d**3 - 15*d**2 + 540*d - 4333. Give x(9).
41
Let c(y) = 2*y**3 - 1613*y**2 - 29689*y - 83. What is c(-18)?
43
Let l(r) = 17432*r - 35088. Calculate l(2).
-224
Let t(v) = 21*v**2 - 267*v + 161. Give t(7).
-679
Let c(p) = -28*p**2 - 23752*p - 23751. Give c(-1).
-27
Let y(h) = 18467*h - 517024. What is y(28)?
52
Let f(u) = 2*u**3 + 2138*u**2 - 8615*u - 33262. Determine f(-1073).
1
Let b(z) = 1897*z - 35046. Determine b(18).
-900
Let g(i) = 4879*i - 131054. What is g(27)?
679
Let m(x) = -x**3 - 163*x**2 - 4285*x + 166. Determine m(-33).
1
Let u(n) = -3*n**2 + 123*n + 100. Determine u(54).
-2006
Let u(s) = 4*s**3 - 204*s**2 + 18*s - 93. What is u(51)?
825
Let t(p) = 948*p - 254203. Calculate t(268).
-139
Let d(g) = g**3 + 924*g**2 + 5517*g + 13. What is d(-6)?
-41
Let t(w) = 4*w**3 + 25*w - 73. What is t(-10)?
-4323
Let v(w) = -13683*w - 100858. Give v(-7).
-5077
Let h(z) = 2963*z + 74120. Determine h(-25).
45
Let n(z) = -8377*z - 16753. Give n(-2).
1
Let w(o) = -o**2 + 250*o - 10405. Calculate w(54).
179
Let q(a) = 2*a**2 - 93*a - 2290. Give q(-18).
32
Let q(u) = -7915*u - 63656. Give q(-8).
-336
Let c(a) = -15792*a - 46225. What is c(-3)?
1151
Let k(f) = f**3 - 5*f**2 - 1719*f + 13776. What is k(8)?
216
Let q(h) = -37*h - 503. What is q(54)?
-2501
Let d(u) = 367*u**2 + 4*u + 23. Calculate d(-1).
386
Let c(a) = 16764*a**2 - 2*a - 3. Determine c(0).
-3
Let l(d) = -d**3 + 6*d**2 + 5152*d - 25779. What is l(5)?
6
Let f(c) = 2*c**3 + 83*c**2 + 465*c - 75. Calculate f(-7).
51
Let q(l) = -8*l**3 - 338*l**2 - 2750*l - 5. Give q(-11).
-5
Let o(n) = -230*n**2 + 74*n - 161. Calculate o(3).
-2009
Let q(u) = u**3 + 405*u**2 + 40849*u - 287. Determine q(-190).
-97
Let m(b) = -1510*b + 87537. Determine m(58).
-43
Let o(c) = c**3 - 20*c**2 - 1161*c - 914. What is o(-25)?
-14
Let k(l) = -176*l + 281. Give k(2).
-71
Let y(c) = 183*c - 10007. Give y(54).
-125
Let d(w) = -25*w**2 + 328*w - 557. Give d(11).
26
Let g(i) = -i**2 + 1607*i + 6429. Calculate g(-4).
-15
Let w(z) = 172507*z + 345007. Determine w(-2).
-7
Let b(t) = 6*t**2 - 416*t + 540. Calculate b(69).
402
Let m(o) = -277*o**2 + 3798*o - 2573. What is m(13)?
-12
Let j(i) = -i**2 - 1249*i - 287284. Determine j(-945).
-4
Let f(v) = -8*v**3 + 724*v**2 + 1099*v + 99. Calculate f(92).
-361
Let z(a) = 8*a**3 + 8*a**2 + 130*a + 394. Calculate z(-4).
-510
Let q(w) = 56*w + 11309. Calculate q(-202).
-3
Let z(i) = 1448*i + 1445. Give z(-1).
-3
Let n(x) = -3*x**3 - 58*x**2 - 134*x - 63. Determine n(-16).
-479
Let u(o) = -o**3 - 34*o**2 - 116*o - 64. Determine u(-30).
-184
Let c(n) = -24*n**2 + 698*n - 2068. Calculate c(3).
-190
Let x(n) = -13*n**2 + 3247*n - 8977. Determine x(247).
-85
Let c(u) = 50*u - 8363. Calculate c(168).
37
Let n(r) = -r**2 + 109*r - 558. Determine n(68).
2230
Let y(r) = 4*r**3 - 